{"id":1908,"date":"2018-11-27T22:26:09","date_gmt":"2018-11-27T22:26:09","guid":{"rendered":"http:\/\/cerrajerosvgr.com\/cerrajeros\/?page_id=1908"},"modified":"2021-05-29T16:52:33","modified_gmt":"2021-05-29T16:52:33","slug":"keywordinsert-listenforkeyword-defaultcerrajero","status":"publish","type":"page","link":"https:\/\/cerrajerodetuzona.com\/cerrajeros\/","title":{"rendered":"Cerrajero"},"content":{"rendered":"<div id=\"pl-1908\"  class=\"panel-layout\" ><div id=\"pg-1908-0\"  class=\"panel-grid panel-has-style\" ><div class=\"icon-box-small siteorigin-panels-stretch panel-row-style panel-row-style-for-1908-0\" data-stretch-type=\"full\" ><div id=\"pgc-1908-0-0\"  class=\"panel-grid-cell\" ><div id=\"panel-1908-0-0-0\" class=\"so-panel widget widget_pw_icon_box widget-icon-box panel-first-child panel-last-child\" data-index=\"0\" >\n\n\t\t<div class=\"icon-box\">\n\n\t\t<i class=\"fa  fa-money\"><\/i>\n\t\t<h4 class=\"icon-box__title\">SERVICIO 24 HORAS<\/h4>\n\t\t<span class=\"icon-box__subtitle\">24\/7\/365<\/span>\n\n\t\t<\/div>\n\n<\/div><\/div><div id=\"pgc-1908-0-1\"  class=\"panel-grid-cell\" ><div id=\"panel-1908-0-1-0\" class=\"so-panel widget widget_pw_icon_box widget-icon-box panel-first-child panel-last-child\" data-index=\"1\" >\n\n\t\t<div class=\"icon-box\">\n\n\t\t<i class=\"fa  fa-calendar-o\"><\/i>\n\t\t<h4 class=\"icon-box__title\">3 Meses de Garant\u00eda<\/h4>\n\t\t<span class=\"icon-box__subtitle\">En Materiales<\/span>\n\n\t\t<\/div>\n\n<\/div><\/div><div id=\"pgc-1908-0-2\"  class=\"panel-grid-cell\" ><div id=\"panel-1908-0-2-0\" class=\"so-panel widget widget_pw_icon_box widget-icon-box panel-first-child panel-last-child\" data-index=\"2\" >\n\n\t\t<div class=\"icon-box\">\n\n\t\t<i class=\"fa  fa-users\"><\/i>\n\t\t<h4 class=\"icon-box__title\">GRAN EQUIPO<\/h4>\n\t\t<span class=\"icon-box__subtitle\">100% Cualificados<\/span>\n\n\t\t<\/div>\n\n<\/div><\/div><div id=\"pgc-1908-0-3\"  class=\"panel-grid-cell\" ><div id=\"panel-1908-0-3-0\" class=\"so-panel widget widget_pw_icon_box widget-icon-box panel-first-child panel-last-child\" data-index=\"3\" >\n\n\t\t<div class=\"icon-box\">\n\n\t\t<i class=\"fa  fa-dashboard\"><\/i>\n\t\t<h4 class=\"icon-box__title\">RAPIDEZ<\/h4>\n\t\t<span class=\"icon-box__subtitle\">LLegamos en 20 Minutos<\/span>\n\n\t\t<\/div>\n\n<\/div><\/div><\/div><\/div><div id=\"pg-1908-1\"  class=\"panel-grid panel-has-style\" ><div class=\"siteorigin-panels-stretch panel-row-style panel-row-style-for-1908-1\" data-stretch-type=\"full\" ><div id=\"pgc-1908-1-0\"  class=\"panel-grid-cell\" ><div id=\"panel-1908-1-0-0\" class=\"so-panel widget widget_pw_testimonials widget-testimonials panel-first-child panel-last-child\" data-index=\"4\" >\n\n\t<div class=\"testimonial\">\n\n\t\t<h3 class=\"widget-title\"><span class=\"widget-title__inline\">Opiniones<\/span><\/h3>\n\n\t\t<div class=\"testimonial__container\">\n\n\t\t\t\t<a class=\"testimonial__carousel  testimonial__carousel--left\" href=\"#carousel-testimonials-widget-1-0-0\" data-slide=\"prev\"><i class=\"fa  fa-caret-left\" aria-hidden=\"true\"><\/i><span class=\"sr-only\" role=\"button\">Siguiente<\/span><\/a>\n\n\t\t\t<div id=\"carousel-testimonials-widget-1-0-0\" class=\"carousel slide\" data-ride=\"carousel\" data-interval=\"5000\">\n\t\t\t\t<!-- Wrapper for slides -->\n\t\t\t\t<div class=\"testimonial__backgroundquotes\"><\/div>  <!-- fix for sticky menu -->\n\t\t\t\t<div class=\"carousel-inner\" role=\"listbox\">\n\t\t\t\t\t<div class=\"item active\">\n\t\t\t\t\t\t<blockquote>\n\t\t\t\t\t\t\t<p class=\"testimonial__quote\">\n\t\t\t\t\t\t\t\tLlegu\u00e9 a abrir la peluquer\u00eda a las 10 de la ma\u00f1ana y la persiana estaba atrancada, ni sub\u00eda ni bajaba. Llam\u00e9 al Cerrajero y en 20 minutos abrieron la persiana y pude empezar a trabajar. \u00a1Gracias!\n\t\t\t\t\t\t\t<\/p>\n\t\t\t\t\t\t\t<cite class=\"testimonial__author\">\n\t\t\t\t\t\t\t\tAndrea P\u00e9rez\n\t\t\t\t\t\t\t<\/cite>\n\n\n\t\t\t\t\t\t<\/blockquote>\n\t\t\t\t\t\t<\/div>\n\t\t\t\t\t<div class=\"item \">\n\t\t\t\t\t\t<blockquote>\n\t\t\t\t\t\t\t<p class=\"testimonial__quote\">\n\t\t\t\t\t\t\t\tVolvimos de vacaciones y nos encontramos toda la casa desvalijada, llamamos a la polic\u00eda y al cerrajero. Este \u00faltimo se encarg\u00f3 de mejorar la seguridad de nuestro hogar. Hoy en d\u00eda podemos dormir tranquilos.\n\t\t\t\t\t\t\t<\/p>\n\t\t\t\t\t\t\t<cite class=\"testimonial__author\">\n\t\t\t\t\t\t\t\tJaime Rodr\u00edguez\n\t\t\t\t\t\t\t<\/cite>\n\n\n\t\t\t\t\t\t<\/blockquote>\n\t\t\t\t\t\t<\/div>\n\t\t\t\t\t<div class=\"item \">\n\t\t\t\t\t\t<blockquote>\n\t\t\t\t\t\t\t<p class=\"testimonial__quote\">\n\t\t\t\t\t\t\t\tFu\u00ed a sacar al perro y cerr\u00e9 la puerta sin darme cuenta de que hab\u00eda dejado las llaves dentro. Vino Ram\u00f3n, el cerrajero y en 5 minutos ten\u00eda la puerta abierta, tard\u00f3 en llegar 10 minutos y no fu\u00e9 nada caro, lo recomiendo.\n\t\t\t\t\t\t\t<\/p>\n\t\t\t\t\t\t\t<cite class=\"testimonial__author\">\n\t\t\t\t\t\t\t\tAntonio Garc\u00eda\n\t\t\t\t\t\t\t<\/cite>\n\n\n\t\t\t\t\t\t<\/blockquote>\n\t\t\t\t\t\t<\/div>\n\t\t\t\t<\/div>\n\t\t\t<\/div>\n\n\t\t\t\t<a class=\"testimonial__carousel  testimonial__carousel--right\" href=\"#carousel-testimonials-widget-1-0-0\" data-slide=\"next\"><i class=\"fa  fa-caret-right\" aria-hidden=\"true\"><\/i><span class=\"sr-only\" role=\"button\">Anterior<\/span><\/a>\n\t\t<\/div>\n\n\t<\/div>\n\n<\/div><\/div><\/div><\/div><div id=\"pg-1908-2\"  class=\"panel-grid panel-has-style\" ><div class=\"siteorigin-panels-stretch panel-row-style panel-row-style-for-1908-2\" data-stretch-type=\"full\" ><div id=\"pgc-1908-2-0\"  class=\"panel-grid-cell\" ><div id=\"panel-1908-2-0-0\" class=\"so-panel widget widget_pw_steps widget-steps panel-first-child panel-last-child\" data-index=\"5\" >\n\n\t\t<h3 class=\"widget-title  steps__title\">\u00bfProblemas para Entrar en Casa?<\/h3>\n\n\t<div class=\"steps\">\n\t\t\t<div class=\"step\">\n\t\t\t\t<div class=\"step__title\">\n\t\t\t\t\t<i class=\"fa  fa-key\"><\/i> LLAVES PERDIDAS\n\t\t\t\t<\/div>\n\t\t\t\t<p class=\"step__content\">\n\t\t\t\t\tSi ha perdido las llaves de Casa en la calle, lo mejor es que llame a nuestro Cerrajero. Acudir\u00e1, abrir\u00e1 su puerta r\u00e1pidamente y cambiar\u00e1 su Cerradura para prevenir cualquier tipo de robo que se pudiera producir. \n\t\t\t\t<\/p>\n\t\t\t\t<div class=\"step__number\">\n\t\t\t\t\t01.\n\t\t\t\t<\/div>\n\t\t\t<\/div>\n\t\t\t<div class=\"step\">\n\t\t\t\t<div class=\"step__title\">\n\t\t\t\t\t<i class=\"fa  fa-door-closed\"><\/i> \u00bfLLAVES OLVIDADAS?\n\t\t\t\t<\/div>\n\t\t\t\t<p class=\"step__content\">\n\t\t\t\t\t\u00bfHa Olvidado las llaves dentro de Casa? Es un problema muy com\u00fan. LL\u00e1menos y en 20 Minutos un Cerrajero 24 horas solucionar\u00e1 su problema de forma inmediata en minutos, y le abrir\u00e1 la puerta de su Casa. \n\t\t\t\t<\/p>\n\t\t\t\t<div class=\"step__number\">\n\t\t\t\t\t02.\n\t\t\t\t<\/div>\n\t\t\t<\/div>\n\t\t\t<div class=\"step\">\n\t\t\t\t<div class=\"step__title\">\n\t\t\t\t\t<i class=\"fa  fa-phone-square\"><\/i> LL\u00c1MENOS\n\t\t\t\t<\/div>\n\t\t\t\t<p class=\"step__content\">\n\t\t\t\t\tLLame a nuestro Cerrajero y en unos minutos solucionar\u00e1 su problema. Llame al 691 22 10 49<\/a>.\n\t\t\t\t<\/p>\n\t\t\t\t<div class=\"step__number\">\n\t\t\t\t\t03.\n\t\t\t\t<\/div>\n\t\t\t<\/div>\n\t\t\t<div class=\"step\">\n\t\t\t\t<div class=\"step__title\">\n\t\t\t\t\t<i class=\"fa  fa-watch-fitness\"><\/i> GARANT\u00cdA\n\t\t\t\t<\/div>\n\t\t\t\t<p class=\"step__content\">\n\t\t\t\t\tTodos nuestros trabajos llevan factura oficial para que usted tenga garant\u00eda de 3 meses en todos los materiales.\n\t\t\t\t<\/p>\n\t\t\t\t<div class=\"step__number\">\n\t\t\t\t\t04.\n\t\t\t\t<\/div>\n\t\t\t<\/div>\n\t<\/div>\n\n<\/div><\/div><\/div><\/div><div id=\"pg-1908-3\"  class=\"panel-grid panel-no-style\" ><div id=\"pgc-1908-3-0\"  class=\"panel-grid-cell\" ><div id=\"panel-1908-3-0-0\" class=\"so-panel widget widget_sow-editor panel-first-child panel-last-child\" data-index=\"6\" ><div\n\t\t\t\n\t\t\tclass=\"so-widget-sow-editor so-widget-sow-editor-base\"\n\t\t\t\n\t\t>\n<div class=\"siteorigin-widget-tinymce textwidget\">\n\t<p><img decoding=\"async\" loading=\"lazy\" class=\"alignnone size-medium wp-image-917\" src=\"http:\/\/cerrajerodetuzona.com\/wp-content\/uploads\/2018\/08\/persianas-metalicas-360x240-300x200.jpg\" alt=\"\" width=\"300\" height=\"200\" srcset=\"https:\/\/cerrajerodetuzona.com\/cerrajeros\/wp-content\/uploads\/2018\/08\/persianas-metalicas-360x240-300x200.jpg 300w, https:\/\/cerrajerodetuzona.com\/cerrajeros\/wp-content\/uploads\/2018\/08\/persianas-metalicas-360x240-272x182.jpg 272w, https:\/\/cerrajerodetuzona.com\/cerrajeros\/wp-content\/uploads\/2018\/08\/persianas-metalicas-360x240.jpg 360w\" sizes=\"(max-width: 300px) 100vw, 300px\" \/><\/p>\n<h5>PERSIANAS MET\u00c1LICAS<\/h5>\n<p>\u00bfHa llegado a su tienda o negocio y no puede abrir la persiana met\u00e1lica? \u00bfTiene prisa por abrir su Comercio? LLame a Cerrajero y haremos que sus clientes no noten el problema.<\/p>\n<\/div>\n<\/div><\/div><\/div><div id=\"pgc-1908-3-1\"  class=\"panel-grid-cell\" ><div id=\"panel-1908-3-1-0\" class=\"so-panel widget widget_sow-editor panel-first-child panel-last-child\" data-index=\"7\" ><div\n\t\t\t\n\t\t\tclass=\"so-widget-sow-editor so-widget-sow-editor-base\"\n\t\t\t\n\t\t>\n<div class=\"siteorigin-widget-tinymce textwidget\">\n\t<p><img decoding=\"async\" loading=\"lazy\" class=\"alignnone size-medium wp-image-919\" src=\"http:\/\/cerrajerodetuzona.com\/wp-content\/uploads\/2018\/08\/robos-300x200.jpg\" alt=\"\" width=\"300\" height=\"200\" srcset=\"https:\/\/cerrajerodetuzona.com\/cerrajeros\/wp-content\/uploads\/2018\/08\/robos-300x200.jpg 300w, https:\/\/cerrajerodetuzona.com\/cerrajeros\/wp-content\/uploads\/2018\/08\/robos-768x512.jpg 768w, https:\/\/cerrajerodetuzona.com\/cerrajeros\/wp-content\/uploads\/2018\/08\/robos-1024x682.jpg 1024w, https:\/\/cerrajerodetuzona.com\/cerrajeros\/wp-content\/uploads\/2018\/08\/robos-360x240.jpg 360w, https:\/\/cerrajerodetuzona.com\/cerrajeros\/wp-content\/uploads\/2018\/08\/robos-272x182.jpg 272w, https:\/\/cerrajerodetuzona.com\/cerrajeros\/wp-content\/uploads\/2018\/08\/robos.jpg 1124w\" sizes=\"(max-width: 300px) 100vw, 300px\" \/><\/p>\n<h5>ASESOR\u00cdA DE SEGURIDAD<\/h5>\n<p>Nuestro Cerrajero saben perfectamente lo que recomendarle para mejorar la Seguridad de su Vivienda. No debemos escatimar en el gasto de la Seguridad e Intimidad de nuestra Familia.<\/p>\n<\/div>\n<\/div><\/div><\/div><div id=\"pgc-1908-3-2\"  class=\"panel-grid-cell\" ><div id=\"panel-1908-3-2-0\" class=\"so-panel widget widget_sow-editor panel-first-child panel-last-child\" data-index=\"8\" ><div\n\t\t\t\n\t\t\tclass=\"so-widget-sow-editor so-widget-sow-editor-base\"\n\t\t\t\n\t\t>\n<div class=\"siteorigin-widget-tinymce textwidget\">\n\t<p><img decoding=\"async\" loading=\"lazy\" class=\"alignnone size-medium wp-image-920\" src=\"http:\/\/cerrajerodetuzona.com\/wp-content\/uploads\/2018\/08\/Alzamiento-de-Prendas-e-Hipotecas-2-360x240-300x200.jpg\" alt=\"\" width=\"300\" height=\"200\" srcset=\"https:\/\/cerrajerodetuzona.com\/cerrajeros\/wp-content\/uploads\/2018\/08\/Alzamiento-de-Prendas-e-Hipotecas-2-360x240-300x200.jpg 300w, https:\/\/cerrajerodetuzona.com\/cerrajeros\/wp-content\/uploads\/2018\/08\/Alzamiento-de-Prendas-e-Hipotecas-2-360x240-272x182.jpg 272w, https:\/\/cerrajerodetuzona.com\/cerrajeros\/wp-content\/uploads\/2018\/08\/Alzamiento-de-Prendas-e-Hipotecas-2-360x240.jpg 360w\" sizes=\"(max-width: 300px) 100vw, 300px\" \/><\/p>\n<h5>LANZAMIENTOS JUDICIALES<\/h5>\n<p>Tenemos a Disposici\u00f3n una gran plantilla de Cerrajero para poder satisfacer las necesidades judiciales en todo momento. Nos caracterizamos por la rapidez en las Aperturas y la Puntualidad.<\/p>\n<\/div>\n<\/div><\/div><\/div><div id=\"pgc-1908-3-3\"  class=\"panel-grid-cell\" ><div id=\"panel-1908-3-3-0\" class=\"so-panel widget widget_sow-editor panel-first-child panel-last-child\" data-index=\"9\" ><div\n\t\t\t\n\t\t\tclass=\"so-widget-sow-editor so-widget-sow-editor-base\"\n\t\t\t\n\t\t>\n<div class=\"siteorigin-widget-tinymce textwidget\">\n\t<p><img decoding=\"async\" loading=\"lazy\" class=\"alignnone size-medium wp-image-922\" src=\"http:\/\/cerrajerodetuzona.com\/wp-content\/uploads\/2018\/08\/2008-09-09_IMG_2008-09-02_09_29_26_cerradura01_jlores-300x200.jpg\" alt=\"\" width=\"300\" height=\"200\" srcset=\"https:\/\/cerrajerodetuzona.com\/cerrajeros\/wp-content\/uploads\/2018\/08\/2008-09-09_IMG_2008-09-02_09_29_26_cerradura01_jlores-300x200.jpg 300w, https:\/\/cerrajerodetuzona.com\/cerrajeros\/wp-content\/uploads\/2018\/08\/2008-09-09_IMG_2008-09-02_09_29_26_cerradura01_jlores-272x182.jpg 272w, https:\/\/cerrajerodetuzona.com\/cerrajeros\/wp-content\/uploads\/2018\/08\/2008-09-09_IMG_2008-09-02_09_29_26_cerradura01_jlores.jpg 318w\" sizes=\"(max-width: 300px) 100vw, 300px\" \/><\/p>\n<h5>CAMBIO DE CERRADURAS<\/h5>\n<p>Cambiamos la cerradura de su Domicilio o la cerradura de su comercio sin problemas. Ya no es problema que haya perdido las llaves, o que la cerradura est\u00e9 fallando.<\/p>\n<\/div>\n<\/div><\/div><\/div><\/div><div id=\"pg-1908-4\"  class=\"panel-grid panel-has-style\" ><div class=\"siteorigin-panels-stretch panel-row-style panel-row-style-for-1908-4\" data-stretch-type=\"full\" ><div id=\"pgc-1908-4-0\"  class=\"panel-grid-cell\" ><div id=\"panel-1908-4-0-0\" class=\"so-panel widget widget_pw_call_to_action widget-call-to-action panel-first-child panel-last-child\" data-index=\"10\" >\t\t\t\t<div class=\"call-to-action\">\n\t\t\t\t\t<div class=\"call-to-action__text\">\n\t\t\t\t\t\t<div class=\"call-to-action__title\">\n\t\t\t\t\t\t\t\u00bfNecesita un Cerrajero?\t\t\t\t\t\t<\/div>\n\t\t\t\t\t\t<div class=\"call-to-action__subtitle\">\n\t\t\t\t\t\t\tLLame Ahora\t\t\t\t\t\t<\/div>\n\t\t\t\t\t<\/div>\n\t\t\t\t\t<div class=\"call-to-action__button\">\n\t\t\t\t\t\t<a class=\"btn    btn-info\" href=\"tel:691221049\" target=\"_self\">LLAMAR CERRAJERO<\/a> \t\t\t\t\t<\/div>\n\t\t\t\t<\/div>\n\t\t\t<\/div><\/div><\/div><\/div><div id=\"pg-1908-5\"  class=\"panel-grid panel-has-style\" ><div class=\"panel-row-style panel-row-style-for-1908-5\" ><div id=\"pgc-1908-5-0\"  class=\"panel-grid-cell\" ><div id=\"panel-1908-5-0-0\" class=\"so-panel widget widget_sow-editor panel-first-child panel-last-child\" data-index=\"11\" ><div\n\t\t\t\n\t\t\tclass=\"so-widget-sow-editor so-widget-sow-editor-base\"\n\t\t\t\n\t\t><h3 class=\"widget-title\"><span class=\"widget-title__inline\">NUESTRAS MARCAS<\/span><\/h3>\n<div class=\"siteorigin-widget-tinymce textwidget\">\n\t<div class=\"siteorigin-widget-tinymce textwidget\">\n<div class=\"siteorigin-widget-tinymce textwidget\">\n<p><img decoding=\"async\" loading=\"lazy\" class=\"alignnone size-full wp-image-873\" src=\"http:\/\/cerrajerodetuzona.com\/wp-content\/uploads\/2018\/08\/logotipo-fac.png\" alt=\"\" width=\"150\" height=\"70\"\/> <img decoding=\"async\" loading=\"lazy\" class=\"alignnone size-full wp-image-870\" src=\"http:\/\/cerrajerodetuzona.com\/wp-content\/uploads\/2018\/08\/logotipo-cisa.png\" alt=\"\" width=\"150\" height=\"70\"\/> <img decoding=\"async\" loading=\"lazy\" class=\"alignnone size-full wp-image-879\" src=\"http:\/\/cerrajerodetuzona.com\/wp-content\/uploads\/2018\/08\/logotipo-rl.png\" alt=\"\" width=\"150\" height=\"70\"\/> <img decoding=\"async\" loading=\"lazy\" class=\"alignnone size-full wp-image-871\" src=\"http:\/\/cerrajerodetuzona.com\/wp-content\/uploads\/2018\/08\/logotipo-dorma.png\" alt=\"\" width=\"150\" height=\"70\"\/> <img decoding=\"async\" loading=\"lazy\" class=\"alignnone size-full wp-image-876\" src=\"http:\/\/cerrajerodetuzona.com\/wp-content\/uploads\/2018\/08\/logotipo-lince.png\" alt=\"\" width=\"150\" height=\"70\"\/> <img decoding=\"async\" loading=\"lazy\" class=\"alignnone size-full wp-image-878\" src=\"http:\/\/cerrajerodetuzona.com\/wp-content\/uploads\/2018\/08\/logotipo-nemef.png\" alt=\"\" width=\"150\" height=\"70\"\/><\/p>\n<p><img decoding=\"async\" loading=\"lazy\" class=\"alignnone size-full wp-image-875\" src=\"http:\/\/cerrajerodetuzona.com\/wp-content\/uploads\/2018\/08\/logotipo-iseo.png\" alt=\"\" width=\"150\" height=\"70\"\/> <img decoding=\"async\" loading=\"lazy\" class=\"alignnone size-full wp-image-880\" src=\"http:\/\/cerrajerodetuzona.com\/wp-content\/uploads\/2018\/08\/logotipo-ucem.png\" alt=\"\" width=\"150\" height=\"70\"\/> <img decoding=\"async\" loading=\"lazy\" class=\"alignnone size-full wp-image-869\" src=\"http:\/\/cerrajerodetuzona.com\/wp-content\/uploads\/2018\/08\/logotipo-arqe.png\" alt=\"\" width=\"150\" height=\"70\"\/> <img decoding=\"async\" loading=\"lazy\" class=\"alignnone size-full wp-image-874\" src=\"http:\/\/cerrajerodetuzona.com\/wp-content\/uploads\/2018\/08\/logotipo-fichet.png\" alt=\"\" width=\"150\" height=\"70\"\/> <img decoding=\"async\" loading=\"lazy\" class=\"alignnone size-full wp-image-872\" src=\"http:\/\/cerrajerodetuzona.com\/wp-content\/uploads\/2018\/08\/logotipo-ezcurra.png\" alt=\"\" width=\"150\" height=\"70\"\/> <img decoding=\"async\" loading=\"lazy\" class=\"alignnone size-full wp-image-877\" src=\"http:\/\/cerrajerodetuzona.com\/wp-content\/uploads\/2018\/08\/logotipo-mcm.png\" alt=\"\" width=\"150\" height=\"70\"\/><\/p>\n<\/div>\n<\/div>\n<\/div>\n<\/div><\/div><\/div><\/div><\/div><div id=\"pg-1908-6\"  class=\"panel-grid panel-has-style\" ><div class=\"siteorigin-panels-stretch panel-row-style panel-row-style-for-1908-6\" data-stretch-type=\"full\" ><div id=\"pgc-1908-6-0\"  class=\"panel-grid-cell\" ><div id=\"panel-1908-6-0-0\" class=\"so-panel widget widget_pw_number-counter widget-number-counter panel-first-child panel-last-child\" data-index=\"12\" >\n\n\t<div class=\"number-counters\" data-speed=\"1500\">\n\t\t<div class=\"number-counter\">\n\t\t\t<div class=\"number-counter__number  js-number\" data-to=\"2427\">0000<\/div>\n\t\t\t<div class=\"number-counter__title\">Aperturas Realizadas<\/div>\n\t\t<\/div>\n\t\t<div class=\"number-counter\">\n\t\t\t<div class=\"number-counter__number  js-number\" data-to=\"697\">000<\/div>\n\t\t\t<div class=\"number-counter__title\">Cambios de Cerradura<\/div>\n\t\t<\/div>\n\t\t<div class=\"number-counter\">\n\t\t\t<div class=\"number-counter__number  js-number\" data-to=\"1440\">0000<\/div>\n\t\t\t<div class=\"number-counter__title\">Cambios de Bombines<\/div>\n\t\t<\/div>\n\t\t<div class=\"number-counter\">\n\t\t\t<div class=\"number-counter__number  js-number\" data-to=\"4472\">0000<\/div>\n\t\t\t<div class=\"number-counter__title\">Clientes Satisfechos<\/div>\n\t\t<\/div>\n\t<\/div>\n\n<\/div><\/div><\/div><\/div><\/div>","protected":false},"excerpt":{"rendered":"<p>SERVICIO 24 HORAS 24\/7\/365 3 Meses de Garant\u00eda En Materiales GRAN EQUIPO 100% Cualificados RAPIDEZ LLegamos en 20 Minutos Opiniones Siguiente Llegu\u00e9 a abrir la peluquer\u00eda a las 10 de la ma\u00f1ana y la persiana estaba atrancada, ni sub\u00eda ni bajaba. Llam\u00e9 al Cerrajero y en 20 minutos abrieron la persiana y pude empezar a &hellip;<\/p>\n","protected":false},"author":1,"featured_media":0,"parent":0,"menu_order":0,"comment_status":"closed","ping_status":"closed","template":"template-front-page-slider.php","meta":[],"acf":[],"yoast_head":"<!-- This site is optimized with the Yoast SEO plugin v21.3 - https:\/\/yoast.com\/wordpress\/plugins\/seo\/ -->\n<title>[keywordinsert listenfor=&quot;keyword&quot; default=&quot;Cerrajero&quot;] - Siempre un Cerrajero a su Servicio desde 1990<\/title>\n<meta name=\"robots\" content=\"index, follow, max-snippet:-1, max-image-preview:large, max-video-preview:-1\" \/>\n<link rel=\"canonical\" href=\"https:\/\/cerrajerodetuzona.com\/cerrajeros\/\" \/>\n<meta property=\"og:locale\" content=\"es_ES\" \/>\n<meta property=\"og:type\" content=\"article\" \/>\n<meta property=\"og:title\" content=\"[keywordinsert listenfor=&quot;keyword&quot; default=&quot;Cerrajero&quot;] - Siempre un Cerrajero a su Servicio desde 1990\" \/>\n<meta property=\"og:description\" content=\"SERVICIO 24 HORAS 24\/7\/365 3 Meses de Garant\u00eda En Materiales GRAN EQUIPO 100% Cualificados RAPIDEZ LLegamos en 20 Minutos Opiniones Siguiente Llegu\u00e9 a abrir la peluquer\u00eda a las 10 de la ma\u00f1ana y la persiana estaba atrancada, ni sub\u00eda ni bajaba. Llam\u00e9 al Cerrajero y en 20 minutos abrieron la persiana y pude empezar a &hellip;\" \/>\n<meta property=\"og:url\" content=\"https:\/\/cerrajerodetuzona.com\/cerrajeros\/\" \/>\n<meta property=\"og:site_name\" content=\"Siempre un Cerrajero a su Servicio desde 1990\" \/>\n<meta property=\"article:modified_time\" content=\"2021-05-29T16:52:33+00:00\" \/>\n<meta property=\"og:image\" content=\"http:\/\/cerrajerodetuzona.com\/wp-content\/uploads\/2018\/08\/persianas-metalicas-360x240-300x200.jpg\" \/>\n<meta name=\"twitter:card\" content=\"summary_large_image\" \/>\n<meta name=\"twitter:label1\" content=\"Tiempo de lectura\" \/>\n\t<meta name=\"twitter:data1\" content=\"1 minuto\" \/>\n<script type=\"application\/ld+json\" class=\"yoast-schema-graph\">{\"@context\":\"https:\/\/schema.org\",\"@graph\":[{\"@type\":\"WebPage\",\"@id\":\"https:\/\/cerrajerodetuzona.com\/cerrajeros\/\",\"url\":\"https:\/\/cerrajerodetuzona.com\/cerrajeros\/\",\"name\":\"[keywordinsert listenfor=\\\"keyword\\\" default=\\\"Cerrajero\\\"] - Siempre un Cerrajero a su Servicio desde 1990\",\"isPartOf\":{\"@id\":\"https:\/\/cerrajerodetuzona.com\/cerrajeros\/#website\"},\"datePublished\":\"2018-11-27T22:26:09+00:00\",\"dateModified\":\"2021-05-29T16:52:33+00:00\",\"breadcrumb\":{\"@id\":\"https:\/\/cerrajerodetuzona.com\/cerrajeros\/#breadcrumb\"},\"inLanguage\":\"es\",\"potentialAction\":[{\"@type\":\"ReadAction\",\"target\":[\"https:\/\/cerrajerodetuzona.com\/cerrajeros\/\"]}]},{\"@type\":\"BreadcrumbList\",\"@id\":\"https:\/\/cerrajerodetuzona.com\/cerrajeros\/#breadcrumb\",\"itemListElement\":[{\"@type\":\"ListItem\",\"position\":1,\"name\":\"Portada\",\"item\":\"https:\/\/cerrajerodetuzona.com\/cerrajeros\/\"},{\"@type\":\"ListItem\",\"position\":2,\"name\":\"Cerrajero\"}]},{\"@type\":\"WebSite\",\"@id\":\"https:\/\/cerrajerodetuzona.com\/cerrajeros\/#website\",\"url\":\"https:\/\/cerrajerodetuzona.com\/cerrajeros\/\",\"name\":\"Siempre un Cerrajero a su Servicio desde 1990\",\"description\":\"Servicio de Cerrajero Urgente. LLame al 691 22 10 49\",\"potentialAction\":[{\"@type\":\"SearchAction\",\"target\":{\"@type\":\"EntryPoint\",\"urlTemplate\":\"https:\/\/cerrajerodetuzona.com\/cerrajeros\/?s={search_term_string}\"},\"query-input\":\"required name=search_term_string\"}],\"inLanguage\":\"es\"}]}<\/script>\n<!-- \/ Yoast SEO plugin. -->","yoast_head_json":{"title":"[keywordinsert listenfor=\"keyword\" default=\"Cerrajero\"] - Siempre un Cerrajero a su Servicio desde 1990","robots":{"index":"index","follow":"follow","max-snippet":"max-snippet:-1","max-image-preview":"max-image-preview:large","max-video-preview":"max-video-preview:-1"},"canonical":"https:\/\/cerrajerodetuzona.com\/cerrajeros\/","og_locale":"es_ES","og_type":"article","og_title":"[keywordinsert listenfor=\"keyword\" default=\"Cerrajero\"] - Siempre un Cerrajero a su Servicio desde 1990","og_description":"SERVICIO 24 HORAS 24\/7\/365 3 Meses de Garant\u00eda En Materiales GRAN EQUIPO 100% Cualificados RAPIDEZ LLegamos en 20 Minutos Opiniones Siguiente Llegu\u00e9 a abrir la peluquer\u00eda a las 10 de la ma\u00f1ana y la persiana estaba atrancada, ni sub\u00eda ni bajaba. Llam\u00e9 al Cerrajero y en 20 minutos abrieron la persiana y pude empezar a &hellip;","og_url":"https:\/\/cerrajerodetuzona.com\/cerrajeros\/","og_site_name":"Siempre un Cerrajero a su Servicio desde 1990","article_modified_time":"2021-05-29T16:52:33+00:00","og_image":[{"url":"http:\/\/cerrajerodetuzona.com\/wp-content\/uploads\/2018\/08\/persianas-metalicas-360x240-300x200.jpg"}],"twitter_card":"summary_large_image","twitter_misc":{"Tiempo de lectura":"1 minuto"},"schema":{"@context":"https:\/\/schema.org","@graph":[{"@type":"WebPage","@id":"https:\/\/cerrajerodetuzona.com\/cerrajeros\/","url":"https:\/\/cerrajerodetuzona.com\/cerrajeros\/","name":"[keywordinsert listenfor=\"keyword\" default=\"Cerrajero\"] - Siempre un Cerrajero a su Servicio desde 1990","isPartOf":{"@id":"https:\/\/cerrajerodetuzona.com\/cerrajeros\/#website"},"datePublished":"2018-11-27T22:26:09+00:00","dateModified":"2021-05-29T16:52:33+00:00","breadcrumb":{"@id":"https:\/\/cerrajerodetuzona.com\/cerrajeros\/#breadcrumb"},"inLanguage":"es","potentialAction":[{"@type":"ReadAction","target":["https:\/\/cerrajerodetuzona.com\/cerrajeros\/"]}]},{"@type":"BreadcrumbList","@id":"https:\/\/cerrajerodetuzona.com\/cerrajeros\/#breadcrumb","itemListElement":[{"@type":"ListItem","position":1,"name":"Portada","item":"https:\/\/cerrajerodetuzona.com\/cerrajeros\/"},{"@type":"ListItem","position":2,"name":"Cerrajero"}]},{"@type":"WebSite","@id":"https:\/\/cerrajerodetuzona.com\/cerrajeros\/#website","url":"https:\/\/cerrajerodetuzona.com\/cerrajeros\/","name":"Siempre un Cerrajero a su Servicio desde 1990","description":"Servicio de Cerrajero Urgente. LLame al 691 22 10 49","potentialAction":[{"@type":"SearchAction","target":{"@type":"EntryPoint","urlTemplate":"https:\/\/cerrajerodetuzona.com\/cerrajeros\/?s={search_term_string}"},"query-input":"required name=search_term_string"}],"inLanguage":"es"}]}},"_links":{"self":[{"href":"https:\/\/cerrajerodetuzona.com\/cerrajeros\/wp-json\/wp\/v2\/pages\/1908"}],"collection":[{"href":"https:\/\/cerrajerodetuzona.com\/cerrajeros\/wp-json\/wp\/v2\/pages"}],"about":[{"href":"https:\/\/cerrajerodetuzona.com\/cerrajeros\/wp-json\/wp\/v2\/types\/page"}],"author":[{"embeddable":true,"href":"https:\/\/cerrajerodetuzona.com\/cerrajeros\/wp-json\/wp\/v2\/users\/1"}],"replies":[{"embeddable":true,"href":"https:\/\/cerrajerodetuzona.com\/cerrajeros\/wp-json\/wp\/v2\/comments?post=1908"}],"version-history":[{"count":10,"href":"https:\/\/cerrajerodetuzona.com\/cerrajeros\/wp-json\/wp\/v2\/pages\/1908\/revisions"}],"predecessor-version":[{"id":2564,"href":"https:\/\/cerrajerodetuzona.com\/cerrajeros\/wp-json\/wp\/v2\/pages\/1908\/revisions\/2564"}],"wp:attachment":[{"href":"https:\/\/cerrajerodetuzona.com\/cerrajeros\/wp-json\/wp\/v2\/media?parent=1908"}],"curies":[{"name":"wp","href":"https:\/\/api.w.org\/{rel}","templated":true}]}}